 + 6/18?
4
Let b = 3 + -4. What is the units digit of -1*b/(-2)*-26?
3
Suppose -8*u = -4*u - 72. Let g be (-202)/(-18) + (-4)/u. Suppose r - g + 4 = 0. What is the units digit of r?
7
Let y(h) be the first derivative of h**4/4 - 5*h**3/3 - 5*h**2/2 - 4*h + 2. What is the units digit of y(6)?
2
Let j = -321 + 494. What is the units digit of j?
3
Let a(w) = -4*w**2 - 2*w + 1. Let s be a(1). What is the tens digit of 4/((10/(-6))/s)?
1
Let k = 59 + 18. What is the tens digit of k?
7
Let o = -2 + 3. Let j = 14 - 7. Let z = j + o. What is the units digit of z?
8
Let z be (-1 + -1)/(8/(-12)). Suppose z*w - 48 = -w - 5*x, 0 = 4*x. What is the units digit of w?
2
Suppose -2*u + 3*s - 22 = 0, -u - s + 2 = 3. Let r(f) = -8*f - 11. What is the tens digit of r(u)?
2
Let a = 528 + -299. What is the units digit of a?
9
Let m(h) = 22*h + 1. What is the tens digit of m(1)?
2
Let n(d) = -d**3 - 7*d**2 - 2*d + 5. Let b be n(-6). Let g = b - -46. What is the tens digit of g?
2
Let g = -194 + 283. What is the tens digit of g?
8
Let y(w) = w**3 - 4*w**2 + w. Let o be y(4). Let k be (-2 - (-1 - 0)) + o. Suppose 6*r = k*r + 18. What is the units digit of r?
6
Suppose 0 = 2*x - r - 21, -2*x - r = -0*x - 27. What is the units digit of x?
2
Let d(v) = 3*v. Let b be d(-3). What is the units digit of (-13 - -1)*b/12?
9
What is the units digit of ((-6)/(-4) + -1)*54?
7
What is the tens digit of (-16 - 6/(-3))/(2/(-4))?
2
Let o = 10 - 8. What is the tens digit of (6*3)/1 + o?
2
Let d be 4*(3 - (-22)/(-8)). Let f(j) = j**3 + j - 1. Let m be f(d). Let g(u) = 9*u**3 - u**2 + u. What is the units digit of g(m)?
9
Let t be 1/4 - (-7)/4. Let c be 42/(-9)*9/(-6). Suppose -c*z + 35 = -t*z. What is the units digit of z?
7
Let r(a) = -a**3 - 3*a**2 - 3*a - 1. What is the units digit of r(-3)?
8
What is the units digit of (-892)/(-20) + 4/10?
5
Let z(v) = -v**3 + 5*v**2 + 5*v + 7. Let n be z(6). Let w be n/(1 - 14/12). What is the tens digit of (-56)/(-6)*w/(-4)?
1
Let g = 9 + -4. Suppose p + 4*j - 70 = 0, -j + 282 = g*p + 2*j. What is the tens digit of p?
5
Let c = 6 - -3. What is the units digit of (-64)/(-10) + c/15?
7
Let g(u) = -u - 9. Let l be g(-7). What is the tens digit of 150/12 + l/4?
1
Let g(w) = w**2 - 7*w + 3. Let b be (0 + -1)/(1/(-6)). Let h be g(b). What is the units digit of (-10)/h + 2/(-6)?
3
Let w(x) = 2*x**2 + 5*x - 7. What is the tens digit of w(-7)?
5
Let k = 40 - 56. Let w = 42 + k. Suppose -4*a = 2*m - 7*a - w, -2*m = a - 10. What is the units digit of m?
7
Suppose 0 = -2*s - s + 339. What is the tens digit of s?
1
Let t(f) be the first derivative of -f**2/2 - 7*f - 5. What is the units digit of t(-8)?
1
Let z(m) = m**2 + 5*m + 4. Let h be z(5). Suppose 18 = -4*i + h. What is the units digit of i?
9
Let t = -57 + 27. Let w = 42 + t. What is the tens digit of w?
1
Suppose -5*v + 183 + 82 = 0. What is the units digit of v?
3
Let a = 90 + -17. What is the units digit of a?
3
Let k(d) = -d**2 + 8*d + 7. Let r be k(9). What is the units digit of (r - -1)/(7/(-175))?
5
Suppose 0*y - h + 184 = 4*y, -3*h = -12. What is the tens digit of y?
4
Let w = 154 + 40. What is the hundreds digit of w?
1
What is the units digit of (-4)/(10/(-525)*3)?
0
Let p be ((-3)/(-2))/(1/2). Suppose p*n + 5*s - 113 = 0, 86 = n + n - 2*s. What is the tens digit of n?
4
Let a(c) = -c - 1. Let m(q) = q**2 + 3*q + 5. Let d(u) = -2*a(u) + m(u). Suppose -4*l - 52 = 4*x - 20, 1 = -2*x + 3*l. What is the units digit of d(x)?
7
Let w(j) = -j + 13. Let y be w(12). Let k = y - -1. What is the units digit of k?
2
Let g(r) = -r**2 + 11*r - 5. What is the tens digit of g(5)?
2
Suppose 0 = -6*o + 29 + 31. What is the units digit of (8/o)/((-6)/(-240))?
2
Suppose -5*z + 4*z + 138 = 0. What is the units digit of z?
8
Suppose 0 = t - 25 - 16. What is the tens digit of t?
4
Let h(v) = -v + 1. Let y be h(2). Let n be (2/(-4))/(y/(-6)). What is the units digit of n + 0 - -10*1?
7
What is the tens digit of 1 - (-7)/((-35)/(-180))?
3
Suppose -4*q - 108 = z - 465, -3*z = -4*q + 369. What is the tens digit of q?
9
Suppose -5*n + o + 184 = 0, 24 = n - 3*o - 24. What is the units digit of n?
6
Suppose 490 = 2*y - 5*o, 2*y + 5*o = 3*o + 476. What is the units digit of y?
0
Let h = 13 - 10. Suppose -5*x - 65 = -h*p + 51, 3*p + x - 92 = 0. What is the tens digit of p?
3
Let h = 69 - 51. What is the units digit of h?
8
Let n(j) = -3*j**2 + 10*j + 12. Let m(y) = 2*y**2 - 5*y - 6. Let l(g) = 5*m(g) + 3*n(g). What is the units digit of l(-5)?
6
Let t(l) = l**2 + l + 24. Let q be t(0). Suppose 0 = -4*r - 4, 0 = 2*b + b - r - 7. Suppose -q = -2*v - b*v. What is the units digit of v?
6
Let n be (-4)/16 - (-34)/8. Suppose 0 = 4*a + 2*x - 26, 12 = 2*a - 4*x + n. Suppose 28 = 2*q + a. What is the tens digit of q?
1
What is the tens digit of (1/((-6)/(-57)))/((-4)/(-24))?
5
Let t(z) be the third derivative of -z**6/120 + 7*z**5/60 + z**3/6 + 3*z**2. Let a be t(7). What is the units digit of ((-4)/(-6))/(a/18)?
2
Let k(h) = -5 + 4 - 2*h**2 + 0. Let f be k(-1). Let s = f + 12. What is the units digit of s?
9
Suppose 3*d - 20 = 2*d. Suppose 0 = 4*m - 2*m - d. Let l = m - 7. What is the units digit of l?
3
Let j(h) = -h**2 - 7*h + 5. Let f be j(-8). Let q = f + 2. Let t(c) = -7*c**3 + c. What is the units digit of t(q)?
6
Let p be (-2)/3 - 14/(-3). Suppose -p*t = -2*t. Let o = 6 - t. What is the units digit of o?
6
Let c = 530 - 301. What is the units digit of c?
9
Let n(j) = j**3 + 8*j**2 - 7*j - 11. What is the tens digit of n(-6)?
0
What is the tens digit of 4 + 2379/21 - 4/14?
1
Let z be ((-3)/9)/(3/27). Let o = 53 - z. What is the units digit of o?
6
Let x(d) = d**3 + 5*d**2 - 6*d + 4. Suppose 4*k + p = -24, 0*k = -2*k - 3*p - 12. Let u be x(k). Let r = -2 + u. What is the units digit of r?
2
Let p(i) = -43*i - 1. What is the tens digit of p(-7)?
0
Let k be 4/10 - (-2)/(-5). Suppose -50 = -5*q - k. What is the units digit of q?
0
Let z(a) = -a**3 - 5*a**2 - 5*a + 1. Let p be z(-4). Suppose 5*f - 60 = -5*u, 16 = -p*f + f. What is the units digit of u?
6
Let p = -19 + 72. What is the tens digit of p?
5
Let u = 90 - 32. Suppose -5*x = -u - 47. What is the tens digit of x?
2
Suppose 4*k + k = -5*l - 95, -3*l - 21 = k. Let g = 52 + k. What is the units digit of g?
4
Let s(u) = 2*u - 18. Let r be s(12). What is the tens digit of (2/(-6))/(r/(-414))?
2
Let v be 10/4*(1 - -37). Let u be v/(-20) + (-2)/8. Let k = -4 - u. What is the units digit of k?
1
Suppose 0 = 6*i - 12*i + 414. What is the tens digit of i?
6
Let a be ((-6)/9)/(4/(-18)). Let g be ((-2)/(-3))/(a/9). Suppose 0 = -4*k - 5*l + 95, 49 = g*k + 2*l + l. What is the units digit of k?
0
Suppose 5*q = 3*a - 323, -q + 52 = 3*a - 283. What is the units digit of a?
1
Let x = -3 - -3. Suppose x = 2*a - 8, -2*i + 6*a = a + 12. Suppose 4*v - 36 = i. What is the tens digit of v?
1
Suppose 66 = -3*z - 3*v, -v = -4*z + 3*v - 104. Let d = -10 - z. What is the tens digit of d?
1
Let k(d) = d**3 - 9*d**2 + 9*d - 6. Let l be k(8). Suppose 3*y - 14 = 2*p, -2*y + 3 = -l*p - 7. What is the units digit of y?
4
Suppose 26 = -2*r + 5*d, -d = -4*d + 12. Let v(g) = -g + 4. What is the units digit of v(r)?
7
Suppose -3 - 2 = -5*q. Suppose -j = c + j + q, -5*c + 2*j - 29 = 0. Let s = c - -13. What is the units digit of s?
8
Let o(m) = -m**2 + 13*m - 5. What is the units digit of o(12)?
7
Let y = -8 - -20. Suppose 0 = u - 2*u + y. What is the tens digit of u?
1
Let j(o) be the third derivative of o**5/30 - o**4/12 - 2*o**3/3 + 3*o**2. What is the units digit of j(-3)?
0
Suppose 5*u - 24 = -3*u. What is the units digit of u?
3
Let t = 3 + -4. Let h be (-1 + t)*(-6)/4. Suppose m = 0, -4*m = 3*j - 6*m - h. What is the units digit of j?
1
Let f(v) = -7*v**2 + 9*v**2 - 3*v + 2 - v**2. What is the units digit of f(3)?
2
Suppose -5*a + 123 = 4*i, -2*i + 4*a + 100 = i. Suppose -2*h + i = 2*h. What is the units digit of 2/h + (-115)/(-20)?
6
Let v(j) = 3*j**2 - j - 9. What is the units digit of v(5)?
1
Let m be (12/10)/((-5)/(-25)). Let l = 23 + m. What is the tens digit of l?
2
Let k(n) = -86*n - 4. What is the tens digit of k(-1)?
8
Suppose 0 = -2*p + 46 - 4. What is the units digit of p?
1
Let d be 4*-10*6/(-5). Let q = -32 + d. Suppose -2*l + 4*l = q. What is the units digit of l?
8
Suppose 2*t = -0*